
Let s(f) = -f**2 - 5*f - 1. Let q be (-9 + 1)*(-24)/48. Let u be -3*(q/18 - (-70)/90). Calculate s(u).
5
Let g(o) = -o**2 + 31*o + 43. Let l be g(32). Suppose -4*a + r + 1 + 36 = 0, 0 = -a + 2*r + l. Let p(h) = h**3 - 10*h**2 + 9*h + 11. Give p(a).
11
Let o(r) = -6*r**2 - 12*r + 28. Let k = -10251 - -10253. Calculate o(k).
-20
Let j(v) = -3*v**3 - 41*v**2 + 54*v - 50. Let u(l) = -4*l**3 - 60*l**2 + 81*l - 75. Let k(a) = 7*j(a) - 5*u(a). What is k(11)?
-30
Let b(h) = h**2 + 2*h - 20. Let i be (3/(-6))/(-10 + 990/100) + -2. Determine b(i).
-5
Suppose -19*a = -7*a - 120. Let m(v) = -10 + 25 + v - a. Let f(x) = 2*x + 12. Let l be f(-8). What is m(l)?
1
Let w(r) = r**3 + 7*r**2 + r + 1. Let y(p) = -p**2 - 9*p - 11. Let q be y(-6). Suppose -q*x = 65 - 16. Calculate w(x).
-6
Let p(j) = 7*j + 26 + 0*j**2 + 28 - j**2 - 89 + 24. Suppose -4*l = -12, -5*w - 2*l = -4*l - 34. Give p(w).
-19
Let v(y) = -2*y - 2*y - 3 - y**3 + 4*y**2 + 2*y. Suppose 410*r - 405*r = 10. Suppose c - 1 = -r*x, -2*x + 7 = -25*c + 28*c. Give v(c).
0
Suppose -11 - 1 = -2*o. Let h(r) be the second derivative of r**5/20 - r**4/2 - 2*r**3/3 + 3*r**2 + 43*r - 2. Calculate h(o).
-18
Suppose -8 = j, -2*m + 2*j + 132 - 116 = 0. Let t(f) be the third derivative of m*f + f**3 + 1/60*f**5 + 16*f**2 + 0 - 1/4*f**4. Calculate t(5).
1
Suppose 8*w - 5*w = 21. Suppose -4*n + w = -3*n + 3*g, -5*n + 2*g = 50. Let q(r) = -r - 3. Let h be q(n). Let b(a) = -a**2 + 2*a - 3. Give b(h).
-18
Suppose 0*z = 3*z - 4*f + 32, 0 = -4*z - f - 11. Let x(g) = -3*g + 18. Let y be x(5). Let r(i) = -257*i**2 - i**3 - y + 2*i**3 - 5*i + 259*i**2. What is r(z)?
-15
Let v(w) be the second derivative of w**4/6 - w**3/6 - 3*w**2/2 + 7*w + 2. Let k be ((1 - (20 - 4))/1)/(-3). What is v(k)?
42
Let j(f) = f**3 + 11*f**2 + 12*f + 12. Suppose -15*o + 32 = 2. Suppose -n - q - 12 = 0, -o*n - 10*q = -5*q + 30. Determine j(n).
-8
Suppose 7*g - 3*h = 4*g - 45, -2*g - 2*h = 26. Let m = g - -1. Let c(l) = -l**2 - 11*l + 19. Give c(m).
-7
Let l(d) be the second derivative of d**5/20 + d**4/12 - d**3/2 - d**2 + 7540*d. Let g = -2 - -12. Let f be g/(-2) + 14/7. Calculate l(f).
-11
Let p(c) = -c**2 - 10*c - 17. Suppose 55*k + 950 = 53*k. Let v = -482 - k. What is p(v)?
4
Let c = 7 + -4. Suppose -5*x + 4 = 2*g + 27, 24 = -c*g + 3*x. Let s(p) = p**3 + 9*p**2 - p. Determine s(g).
9
Let q(v) = -130*v**3 + 9 - 23*v**2 - 42*v**3 + 171*v**3 + 106*v. Give q(4).
1
Let h(d) = 4*d - 1. Suppose -9*m + 88 = -29. Suppose 0 = m*k - 27*k - 14. What is h(k)?
-5
Let y(s) = -29*s - 20 + 90*s - 47*s - 16*s. Calculate y(-17).
14
Let y be ((-1)/3)/((-1)/6). Let k(z) = y + 2 - z - 1. Suppose 219*t + 3 = 216*t - 3*c, -5*c = 2*t + 23. Give k(t).
-3
Let l(s) = s**3 + 11*s**2 + 31*s + 207. Let h be l(-10). Let n(i) = -6*i - 5. Give n(h).
13
Let s(r) be the second derivative of -r**5/20 - 25*r**4/12 + 28*r**3/3 + 47*r**2/2 + 90*r + 9. Calculate s(-27).
-7
Let r(k) = -3*k - 2 - k - k**2 + 3. Let n be ((-270)/(-63) - 4) + (-185)/35. Calculate r(n).
-4
Suppose -9*y - 94 = 68. Let a be (y/54)/(3 + 78/(-27)). Let p(c) = c**2 + 1 + 0 + 2*c**2 + 2*c. Determine p(a).
22
Let s(m) = -m**2 - 9*m - 5. Let d = -143 - -93. Let k = d + 43. Determine s(k).
9
Suppose 0 = -20*g + 7*g - 104. Let w(y) = -y**2 - 12*y - 8. Calculate w(g).
24
Let g = -85 - -86. Let j be ((-51)/(-85))/(g/10). Let l(i) = i**2 + 3 + 0*i + j*i - 19*i + 8*i. Give l(3).
-3
Let g(p) = 5*p - 16. Let h(n) = -9*n + 32. Let j(q) = 11*g(q) + 6*h(q). Let c be (-4)/(-6) + 5504/(-516). Calculate j(c).
6
Let v(m) be the first derivative of m**6/20 - m**5/120 + m**4/24 + m**3 - 2. Let t(j) be the third derivative of v(j). Let b = -5165 - -5166. Determine t(b).
18
Let v(r) = 9*r + 4. Suppose 7*x + 112 = 70, 3*d - 21 = 3*x. Give v(d).
13
Let n(i) be the third derivative of i**6/120 + i**5/60 - i**4/8 - i**3/6 + 9*i**2. Let c(p) = -26*p + 258. Let l be c(10). What is n(l)?
1
Let s(n) = -10*n - 97. Let m(w) = 23*w + 101. Let u(a) = 4*m(a) + 5*s(a). Calculate u(2).
3
Let i(h) = -h**3 + 5*h**2 + 8*h - 1. Let m(y) = 2*y**3 + 32*y**2 + 30*y + 3. Let q be m(-15). Let z(x) = 13*x - 33. Let f be z(q). Calculate i(f).
11
Let n(s) = s**2 + s. Let w be 3483/3321 + 4/(-82). Give n(w).
2
Let a be -11 + (-804)/(-30) + -12 + 8/(-10). Let i(q) = 3*q**2 - q - 1. What is i(a)?
23
Suppose -g + 64 + 27 = 0. Let r(b) = -54 + g + b**2 - 14*b - 45. Let n be r(15). Let o(d) = -d**3 + 7*d**2 + d + 1. Give o(n).
8
Let b(h) = 7*h + 2. Let z = 293 + -39. Let r = z - 256. Calculate b(r).
-12
Let a(d) = d**3 + 14*d**2 - 31*d - 3. Suppose -12 = 84*h - 90*h. Determine a(h).
-1
Let h(v) = 84 + 400485*v + 26 - 400489*v. Determine h(0).
110
Let g(z) = 427*z + 16649. Let f be g(-39). Let c(p) = -p**2 + 6*p + 44. Determine c(f).
4
Suppose 147*v + 105626 = 106655. Let j(s) = -s - 4*s - 11 + s**2 + 0*s**2. Give j(v).
3
Let c(p) = 24*p - 25. Let t(h) = -5*h + 1. Let k(l) = -c(l) - 4*t(l). What is k(4)?
5
Let v(x) be the third derivative of -17*x**4/24 - x**3/6 - 229*x**2. Calculate v(-3).
50
Let k be (2/(-10) - -1)/(82/205). Let r(l) = 8 - 13 - 1 - 21*l**k + l + 5. What is r(1)?
-21
Let w(q) = 8*q**2 + q - 1. Suppose 37*s = 34*s - 5*d + 320, -5*d = 5*s - 540. Suppose 2*f + 310 = 92. Let y = s + f. Calculate w(y).
8
Let r be ((-4)/(-42) + 26/(-273))*-1. Let g(o) be the third derivative of -1/6*o**3 + 0*o + 1/24*o**4 + 6*o**2 + r. What is g(7)?
6
Let p = -3401 - -3403. Let h(v) be the third derivative of -1/4*v**4 - 7*v**p + 0*v + 1/6*v**3 + 0. Calculate h(1).
-5
Let p(s) = 12*s**2 + 3*s**2 - 19*s**2 + 18 + 51*s. Let x be p(13). Let j(r) = -r**3 + 4*r**2 + 3*r + 6. Calculate j(x).
-4
Suppose 18*w + 413 = 25*w. Let b = -56 + w. Let f(p) be the second derivative of p**4/12 - 2*p**3/3 + 2*p**2 + 3*p. Calculate f(b).
1
Let b(c) = -3*c**3 - 7*c**2 - 30*c - 60. Let q(u) = 2*u**3 + 4*u**2 + 20*u + 41. Let a(x) = -7*b(x) - 10*q(x). Suppose 12 + 4 = -2*o. Determine a(o).
-6
Let g = -4 - -4. Let i(p) be the second derivative of -1/20*p**5 - 76*p + 2*p**2 + 0 + 0*p**3 - 1/12*p**4. Give i(g).
4
Let b(o) be the first derivative of -2*o**3/3 + 19*o**2/2 + 24*o - 1147. Determine b(11).
-9
Let c(v) = 2*v + 5. Let d = 30 - 41. Let s(i) = i + 3. Let m(u) = d*s(u) + 6*c(u). Calculate m(6).
3
Let j be ((5 + -3)/(2/(-12)))/(-2). Let y(v) = -v**2 + 16*v - 16. Calculate y(j).
44
Let y(v) = 14 - 4*v - 1 - 4*v + 53*v**2 + 60*v**2 - 107*v**2 - v**3. Give y(4).
13
Let p(i) be the second derivative of i**4/6 - 5*i**3/6 - 67*i**2/2 - 1502*i. What is p(-5)?
8
Let d(x) = x**3 + 12*x**2 + 98*x + 778. Let f be d(-10). Suppose j + 3*j = 12. Let c(h) = 4*h + 5*h - j*h. What is c(f)?
-12
Let c(z) = -z**2 + 10*z + 1. Let q(r) be the second derivative of -2*r**3/3 - 37*r**2 + 10*r - 3. Let p be q(-21). Calculate c(p).
1
Let g(z) = 81*z**3 + 11*z**2 + 20*z - 5. Let q(f) = -28*f**3 - 4*f**2 - 7*f + 2. Let o(l) = -4*g(l) - 11*q(l). Let v be ((-8)/12)/(4/6). Calculate o(v).
17
Let u(g) be the third derivative of g**4/12 - 41*g**3/6 - g**2. Suppose -i + 13 = t, 7994*i - 7993*i - 55 = 5*t. Calculate u(i).
-1
Let y(x) = -2*x**2 - 34*x - 66. Let p be y(-2). Let s(a) = a**2 + 5*a + 6. Give s(p).
12
Let u(w) be the third derivative of w**4/24 + 2*w**3 + 2*w**2. Let m be 20*18*(-7)/210. Determine u(m).
0
Let m(w) be the third derivative of -1/60*w**5 - 1/6*w**3 + 0 + 0*w + 1/24*w**4 + 1/120*w**6 + 9*w**2. Give m(0).
-1
Let y(t) be the third derivative of -t**5/60 + 23*t**4/24 - 11*t**3/2 - 4125*t**2. What is y(18)?
57
Let h(n) = n**3 - 9*n**2 - 20*n - 1. Let v be -5 + 16/4 - (-252)/21. Determine h(v).
21
Let h = -237 + 302. Suppose 8*p - h = -5*p. Let n(g) = -2*g**2 + 6*g + 7. Calculate n(p).
-13
Let a be (((-56)/(-63))/(-2))/(2/(-9)). Let h(u) = -5 + a*u + 9*u**3 - 5*u - 6*u - 7*u**2 - 8*u**3. Determine h(8).
-13
Let y(q) = -q**3 - 2*q**2 + 5*q - 9. Let w be y(2). Let x(v) = -v**2 - 16*v - 8. Calculate x(w).
7
Suppose -3*q + 15 = -2*k, -5*q = -26*k + 24*k - 21. Let t(f) = -4*f**2 + 13*f + 1. Give t(q).
4
Let g(s) = -s**3 - 21*s**2 - 40*s - 35. Suppose 5*k - 5*r = 199 - 289, k + 3*r + 22 = 0. Give g(k).
3
Let f(p) = 6*p**2 + 2*p + 2. Suppose 2*r + 14 = -4*l, 3*l + 68*r = 69*r - 3. Calculate f(l).
22
Let v(k) = 51*k + 5. Let n = 1348 - 1349. Give v(n).
-46
Let s(p) = -79*p + 319. Suppose -198 + 186 = -3*f, 5*